11027 a composite number?
False
Is 31883 composite?
False
Is 92251 prime?
True
Is 1761 a prime number?
False
Is 1417 a composite number?
True
Is 7111 composite?
True
Is 2662547 a prime number?
True
Is 34907 composite?
True
Is 25409 a prime number?
True
Is 34681 prime?
False
Is 667 a prime number?
False
Is 497449 a composite number?
False
Is 959 a prime number?
False
Is 1049201 composite?
False
Is 190339 a composite number?
False
Is 38113 a composite number?
False
Is 217619 a prime number?
True
Is 18037 composite?
True
Is 1175467 prime?
True
Is 2537 prime?
False
Is 25301 prime?
True
Is 853319 composite?
False
Is 1263751 composite?
False
Is 2562897 a composite number?
True
Is 1795133 prime?
True
Is 666359 a prime number?
False
Is 7165 a composite number?
True
Is 6197 a composite number?
False
Is 81331 a prime number?
True
Is 26963 prime?
False
Is 611389 prime?
True
Is 3413 a composite number?
False
Is 2911771 a composite number?
False
Is 13931 a composite number?
False
Is 4711 a composite number?
True
Is 118631 a prime number?
False
Is 42239 composite?
False
Is 31985 a prime number?
False
Is 3941 prime?
False
Is 16301 a prime number?
True
Is 10193 prime?
True
Is 80107 prime?
True
Is 122651 a composite number?
False
Is 98902 prime?
False
Is 13157 a composite number?
True
Is 1144987 composite?
True
Is 51139 prime?
False
Is 839 composite?
False
Is 59963 composite?
True
Is 22247 a composite number?
False
Is 14629 a prime number?
True
Is 85873 a composite number?
True
Is 21341 prime?
True
Is 10577 composite?
True
Is 138707 a prime number?
False
Is 67922 prime?
False
Is 24437 prime?
False
Is 1813211 a composite number?
False
Is 11789 prime?
True
Is 16573 a prime number?
True
Is 185905 prime?
False
Is 29641 a prime number?
True
Is 16057 composite?
False
Is 5318263 a composite number?
True
Is 9311 a prime number?
True
Is 33665 composite?
True
Is 1329 composite?
True
Is 2309 prime?
True
Is 14689 prime?
False
Is 96749 prime?
True
Is 1365719 prime?
True
Is 58031 prime?
True
Is 3511 a composite number?
False
Is 1126211 a prime number?
True
Is 26149 a prime number?
False
Is 65743 a prime number?
False
Is 154655 composite?
True
Is 389 a prime number?
True
Is 995833 a prime number?
True
Is 96553 prime?
True
Is 5413 a prime number?
True
Is 8819 composite?
False
Is 14591 a composite number?
False
Is 792521 a composite number?
False
Is 2217 a composite number?
True
Is 14173 composite?
False
Is 9445 a composite number?
True
Is 158351 prime?
True
Is 115355 a composite number?
True
Is 6971 composite?
False
Is 53101 composite?
False
Is 6403 a composite number?
True
Is 88741 a prime number?
True
Is 503 composite?
False
Is 13283 composite?
True
Is 614953 composite?
True
Is 1059683 a composite number?
False
Is 1061 prime?
True
Is 410429 a prime number?
False
Is 103426 a prime number?
False
Is 523867 a composite number?
False
Is 31765 prime?
False
Is 3205 a composite number?
True
Is 119321 composite?
False
Is 49721 composite?
True
Is 2177 a composite number?
True
Is 3785 a prime number?
False
Is 476873 prime?
False
Is 634013 a composite number?
False
Is 571413 prime?
False
Is 43093 prime?
True
Is 487177 prime?
True
Is 35339 composite?
False
Is 57119 a prime number?
True
Is 453223 a prime number?
False
Is 142357 prime?
True
Is 448957 a composite number?
True
Is 10279 prime?
False
Is 4083 prime?
False
Is 318998 composite?
True
Is 14681 a prime number?
False
Is 1399 composite?
False
Is 31289 a prime number?
False
Is 174227 prime?
False
Is 2893067 a composite number?
True
Is 862421 a composite number?
True
Is 501431 a composite number?
True
Is 40195 prime?
False
Is 524287 a prime number?
True
Is 204883 a composite number?
True
Is 368833 a prime number?
True
Is 31069 composite?
False
Is 23794 composite?
True
Is 4299 composite?
True
Is 1172497 a composite number?
False
Is 358327 a composite number?
False
Is 1142587 prime?
False
Is 324943 a composite number?
True
Is 7817 prime?
True
Is 53437 prime?
True
Is 100933 a composite number?
True
Is 61001 a composite number?
False
Is 1361 a composite number?
False
Is 272605 a prime number?
False
Is 68813 composite?
False
Is 159161 a prime number?
True
Is 769777 prime?
False
Is 115201 a prime number?
True
Is 706517 a prime number?
False
Is 27955 a composite number?
True
Is 7949 composite?
False
Is 127789 a prime number?
False
Is 18374 a composite number?
True
Is 10603 a prime number?
False
Is 63955 a composite number?
True
Is 21661 a prime number?
True
Is 34211 prime?
True
Is 118787 a composite number?
False
Is 31529 prime?
False
Is 22613 prime?
True
Is 19009 a prime number?
True
Is 11197 prime?
True
Is 18637 prime?
True
Is 612611 a composite number?
False
Is 583 composite?
True
Is 269909 a composite number?
True
Is 142691 prime?
False
Is 122585 prime?
False
Is 247661 composite?
True
Is 78779 composite?
False
Is 122933 composite?
True
Is 400819 a composite number?
True
Is 29527 prime?
True
Is 3151 a prime number?
False
Is 76231 prime?
True
Is 30131 a composite number?
True
Is 807731 composite?
False
Is 64639 composite?
True
Is 37793 composite?
True
Is 13441 a prime number?
True
Is 5223 a composite number?
True
Is 281023 prime?
True
Is 1263917 prime?
True
Is 64369 a composite number?
True
Is 139157 prime?
False
Is 32297 composite?
False
Is 25219 a composite number?
False
Is 1589 a composite number?
True
Is 502237 prime?
True
Is 1293271 prime?
False
Is 113891 prime?
True
Is 22121 a prime number?
False
Is 3559793 composite?
False
Is 17519 prime?
True
Is 18007 a composite number?
True
Is 617579 prime?
True
Is 21953 composite?
True
Is 621833 prime?
True
Is 7807 a composite number?
True
Is 200209 a composite number?
True
Is 100817 composite?
True
Is 302261 a prime number?
True
Is 51043 prime?
True
Is 5557 composite?
False
Is 114157 composite?
False
Is 14401 composite?
False
Is 10267 prime?
True
Is 106529 composite?
True
Is 5207 a composite number?
True
Is 130927 composite?
False
Is 1067 a prime number?
False
Is 468731 prime?
False
Is 50419 a composite number?
True
Is 1184587 a prime number?
True
Is 9719 a prime number?
True
Is 85427 a prime number?
True
Is 17693 a composite number?
True
Is 153163 prime?
False
Is 4919 a composite number?
False
Is 6946255 a composite number?
True
Is 173021 composite?
False
Is 309407 a prime number?
False
Is 1349 prime?
False
Is 27157 a composite number?
True
Is 1189 a composite number?
True
Is 36658 composite?
True
Is 758 composite?
True
Is 49193 prime?
True
Is 179923 a composite number?
False
Is 304093 prime?
False
Is 46337 prime?
True
Is 30365 a prime number?
False
Is 57047 composite?
False
Is 299171 a prime number?
True
Is 5207 prime?
False
Is 94253 a prime number?
True
Is 12071 composite?
False
Is 435341 prime?
False
Is 2312177 a composite number?
True
Is 574577 composite?
True
Is 4391 a composite number?
False
Is 8561 composite?
True
Is 28807 composite?
False
Is 38639 prime?
True
Is 16603 a composite number?
False
Is 3148583 prime?
True
Is 360749 composite?
False
Is 12955 composite?
True
Is 7273 prime?
False
Is 757 a prime number?
True
Is 168643 a prime number?
True
Is 51803 composite?
False
Is 83173 a prime number?
False
Is 3313867 composite?
False
Is 2724551 composite?
False
Is 11593 composite?
False
Is 2006243 a composite number?
True
Is 563434 a composite number?
True
Is 8419 prime?
True
Is 1923521 a prime number?
True
Is 181151 a prime number?
False
Is 29217 a prime number?
False
Is 598771 composite?
True
Is 1927 composite?
True
Is 1121 composite?
True
Is 17717 composite?
True
Is 19559 a prime number?
True
Is 178753 composite?
False
Is 22247 prime?
True
Is 44929 a composite number?
True
Is 6997 a prime number?
True
Is 275687 prime?
False
Is 1217 a prime number?
True
Is 18539 a composite number?
False
Is 2203 composite?
False
Is 586 a prime number?
False
Is 37385 a composite number?
True
Is 2537 a composite number?
True
Is 3619857 a prime number?
False
Is 88439 prime?
False
Is 99247 a composite number?
True
Is 9337 a prime number?
True
Is 2721 prime?
False
Is 76871 a prime number?
True
Is 1793 a prime number?
False
Is 420418 composite?
True
Is 185 a prime number?
False
Is 4141 a composite number?
True
Is 47537 a composite number?
True
Is 11993 a composite number?
True
Is 946787 prime?
False
Is 1034